or of w and 117.
13
Let v(w) = -94*w**3 + 1. Let h be v(-1). Suppose h + 43 = -3*k. Let j = k + 90. What is the greatest common divisor of j and 4?
4
Suppose 2 - 11 = -3*g. Suppose -216 = -g*c - c. What is the greatest common factor of 6 and c?
6
Suppose -124 = -4*b - 16. Calculate the highest common factor of b and 27.
27
Let b be -9*((-56)/(-63))/(2/(-21)). Let i(z) = z**3 - z + 12. Let m be i(0). Calculate the highest common factor of b and m.
12
Let w(j) = j**3 + 4*j**2 + 2. Let o be w(-4). Suppose -s = 3*n + 4 - 26, 2*s = -2*n + 36. What is the highest common divisor of s and o?
2
Let n(t) = t**3 - 17*t**2 + 17*t - 5. Let l be n(16). What is the highest common divisor of l and 77?
11
Let c = 22 + -21. Let x be (-534)/(-30) - c/(-5). What is the highest common divisor of x and 45?
9
Suppose -373 = -8*n + 107. Calculate the greatest common factor of n and 15.
15
Let u be 4/6 + 4/(-6). Suppose g - 30 = -3*j - 2, 3*j - 3*g - 24 = u. Calculate the highest common divisor of j and 1.
1
Suppose 2*x - 41 = -3*t, 0 = -3*t + 4*x - 7*x + 39. Let a(z) = 7*z - 17*z + 175*z. Let h be a(1). What is the highest common divisor of t and h?
15
Suppose 3*o = 3*w + 417, -4*w = o - 9*w - 119. Let s(a) = a**3 + a**2 + a + 16. Let x be s(0). What is the greatest common divisor of o and x?
16
Suppose -4 = -4*m - 8. Let x(i) = -i + 3. Let p be x(-4). Let u = m + p. What is the greatest common divisor of 4 and u?
2
Let k(q) = -41*q - 24. Let j be k(-4). Calculate the highest common factor of j and 35.
35
Suppose 5*m - 432 = -m. Calculate the greatest common divisor of 24 and m.
24
Let s(q) = -q**3 + q**2 + 3*q - 2. Let l be s(2). Suppose -2*i + 6*i - 48 = l. Calculate the greatest common factor of i and 3.
3
Suppose 50 = 4*i - 3*c, 4*c + 54 = 4*i - c. What is the highest common factor of i and 22?
11
Suppose 0 = -3*p - 5*j + 37, 2*p - 34 = 3*j + 16. Let z be ((-114)/4)/((-6)/8). What is the highest common factor of p and z?
19
Let z(s) = s**3 + 6*s**2 + 5*s - 4. Let p = 0 + -4. Let c be z(p). What is the highest common divisor of 72 and c?
8
Let c = 3 - 6. Suppose -4*b + b = 3*h + 12, 16 = -5*b - 3*h. Let d = b - c. What is the greatest common divisor of 9 and d?
1
Suppose -k - 4 + 64 = 0. Let v(l) = 2*l**2 + 2*l. Let f be 87/(-27) + 4/18. Let y be v(f). Calculate the highest common factor of y and k.
12
Let l be ((-1)/((-3)/(-18)))/(-2). Suppose -2*p - 58 = -3*a, 13 = l*a + p - 30. Suppose -a - 4 = -2*x. What is the greatest common divisor of x and 70?
10
Suppose -4*k - 468 = -6*k. Calculate the highest common factor of 26 and k.
26
Let v(p) be the first derivative of 3*p**4/4 + p**2/2 - p + 2. Let k be v(1). Suppose k = 2*x - 9. Calculate the highest common factor of x and 42.
6
Let c(t) = -t**3 - 4*t**2 - 2*t + 7. Let x be c(-6). Let a be 1 + (-1)/1*1. Suppose 2*k - 5 - 21 = a. What is the highest common factor of k and x?
13
Let a = 2 + -2. Suppose a = 2*w + w - 15, -5*w = 2*i - 31. Suppose 5*n - 40 = i*r, 3*r + 22 - 62 = -5*n. What is the highest common factor of 56 and n?
8
Let l = 18 + -11. Suppose -k - l + 3 = 0. Let z = k + 5. What is the highest common divisor of 4 and z?
1
Let x = -9 - -16. Suppose m - 14 = 6. Let g = m + 8. What is the highest common factor of x and g?
7
Let g = 4 + -4. Suppose -4 = -2*f - g*f. Suppose 4*r = r + 3. What is the highest common divisor of r and f?
1
Let m be (-3)/9 - (-200)/24. What is the greatest common factor of m and 64?
8
Let n be (-3)/2*(-1 - 1). Let p be (0/(-2))/(-1 + n). Suppose 102 = 4*o - 3*m, -3*o + 4*m + p*m = -80. Calculate the highest common divisor of 16 and o.
8
Let m(j) = -j**3 - 5*j**2 + 8*j - 14. Let v be m(-7). Calculate the highest common factor of 4 and v.
4
Suppose 3*i + 2*m = 178, 2*m - 116 = 4*i - 358. Calculate the greatest common divisor of i and 36.
12
Let u(m) = 50*m - 2. Let h be u(1). Calculate the highest common divisor of h and 24.
24
Let u(a) = 4*a**2 - 5*a + 1. Let r be u(-8). Let c be 6/4 - (-102)/4. Calculate the highest common factor of c and r.
27
Let f(k) = -56*k**3 + k**2 + 3*k + 2. Let i be f(-1). Calculate the highest common divisor of 8 and i.
8
Suppose f - u = 3*f - 21, 3*f - 9 = 3*u. Calculate the greatest common divisor of f and 4.
4
Let n be (-48)/(1 - 2) + -2. Suppose -2*g + 5*b = -6*g + 20, -3*g + n = -4*b. What is the highest common divisor of 10 and g?
10
Let f(l) = -l**3 - 10*l**2 - 2*l - 14. Let s be f(-10). Calculate the highest common divisor of s and 42.
6
Let o be ((-5)/3)/((-1)/9). Let z be (8*-1)/((-2)/30). Calculate the highest common factor of o and z.
15
Suppose 4*h + h - 55 = 0. Suppose 0 = 3*t + 12 - 30. Let a be t/(-27) - (-44)/36. What is the greatest common divisor of a and h?
1
Suppose 0 = 10*y + 5*y - 1650. Suppose 0*h - 22 = -h. Calculate the greatest common divisor of h and y.
22
Let w = -77 + 107. What is the greatest common factor of 15 and w?
15
Let s = -6 - -9. Suppose 4*c = 12, -s*c = 2*m + 2*c - 21. Suppose o + 4*o - 210 = -5*p, 108 = 3*o - m*p. Calculate the highest common factor of 26 and o.
13
Suppose 2940 = -0*c + 4*c. Let n be c/27 + 6/(-27). Calculate the highest common factor of n and 9.
9
Let l(r) be the second derivative of -r**5/20 - 7*r**4/12 + 7*r**3/6 - 3*r**2/2 - r. Let d be l(-8). What is the highest common factor of 1 and d?
1
Let o be (1/3)/((-1)/(-21)). Let b = o - 4. What is the greatest common factor of b and 15?
3
Let l(y) = -14*y**2 + 7*y + 6. Let p(d) = -13*d**2 + 6*d + 6. Let r(f) = 5*l(f) - 6*p(f). Let n be r(-4). Calculate the highest common factor of 18 and n.
18
Suppose -5*m - 2*z + 64 + 26 = 0, -75 = -4*m - z. Let c = 30 - m. Let g(d) = 3*d**2 + 6*d + 5. Let t be g(-5). What is the highest common divisor of t and c?
10
Let y be (-60)/(-9)*(-6)/(-5). Let o(m) = m**2 + 3*m + 1. Let h be o(-4). Suppose -h*b = 4 - 24. What is the greatest common divisor of y and b?
4
Let s be 35/10*(-60)/(-21). What is the highest common factor of 25 and s?
5
Suppose -3*q + 6 + 0 = 0. Let o(w) = 1 - q*w + 3 + 3*w. Let x be o(0). What is the greatest common divisor of x and 4?
4
Suppose 0*n + n - 9 = 0. Suppose -3*u = 3, 3*i - 211 = -2*u - 3*u. Calculate the greatest common factor of n and i.
9
Let c = -21 - -30. Calculate the greatest common factor of c and 27.
9
Let c be (-11)/(-22) + 22/4. Suppose -55 = i - c*i. Calculate the highest common factor of i and 121.
11
Suppose -u = 4*l - 230 - 138, -5*l + 4*u + 439 = 0. Let r be -13*-1*1/1. What is the highest common factor of r and l?
13
Let q(i) = -42*i**3 - 3*i**2 + i + 2. Let f be q(-1). Calculate the highest common divisor of f and 100.
20
Suppose 34 = -3*k - 4*n, -k = k + 5*n + 18. Let z be k/(-8)*(-28)/(-7). Calculate the highest common divisor of 77 and z.
7
Suppose -6 = d + 5. Let b = 19 + d. Let s = -67 + 147. What is the greatest common divisor of s and b?
8
Let w(d) = d**3 - 13*d**2 + 11*d + 14. Let z be w(12). Calculate the highest common factor of 5 and z.
1
Let r = -28 + 46. What is the highest common divisor of 45 and r?
9
Let a be (-3)/(1 - (-8)/(-7)). What is the greatest common factor of a and 147?
21
Suppose x + 12 = -3*x. Let p = x + 5. Let i = 4 - p. What is the highest common divisor of i and 3?
1
Let a(k) = -k**2 - k + 9. Let d be a(0). Let u(i) = i**2 - 6*i + 2. Let h be u(4). Let p be (-3 - 21/h)*126. Calculate the greatest common factor of p and d.
9
Let m(v) = -v**3 - 10*v**2 - 10*v + 21. Let u be m(-9). What is the highest common factor of 12 and u?
6
Suppose -7*x - 273 = -1162. Let b = -75 + x. Calculate the highest common factor of 26 and b.
26
Let v(r) = -r**2 + 6*r + 2. Suppose 2*w - 18 = 3*i, 0 = w + 2*i - 0*i + 5. Let q be v(w). What is the highest common factor of q and 33?
11
Let t(d) = -10*d + 6. Let z be t(-7). Let k = z + 113. Calculate the greatest common divisor of k and 27.
27
Suppose x = 0, x - 55 = -5*b - 0*b. What is the highest common factor of b and 11?
11
Suppose 27 - 7 = -4*u, 3*a - 282 = -3*u. What is the highest common divisor of a and 9?
9
Suppose 5*x - 4 = -2*l + 30, x - 2 = -2*l. Let z = x + 0. Suppose z*g = 7*g + 6. What is the highest common divisor of 2 and g?
2
Let d be ((-15)/2)/(2/(-8)). Let z = -4 - -7. Suppose -g + z*g = 40. What is the greatest common factor of d and g?
10
Suppose -107 - 93 = -5*y. Let l be (-80)/(-6)*90/y.